{"id":9,"date":"2023-12-27T16:35:36","date_gmt":"2023-12-27T16:35:36","guid":{"rendered":"https:\/\/hemmaspanska.se\/?page_id=9"},"modified":"2025-01-29T19:01:24","modified_gmt":"2025-01-29T19:01:24","slug":"9-2","status":"publish","type":"page","link":"https:\/\/hemmaspanska.se\/?page_id=9","title":{"rendered":""},"content":{"rendered":"\t\t<div data-elementor-type=\"wp-page\" data-elementor-id=\"9\" class=\"elementor elementor-9\">\n\t\t\t\t\t\t\t<div class=\"elementor-element elementor-element-1e3f3f4 e-flex e-con-boxed e-con e-parent\" data-id=\"1e3f3f4\" data-element_type=\"container\" data-settings=\"{&quot;content_width&quot;:&quot;boxed&quot;}\" data-core-v316-plus=\"true\">\n\t\t\t\t\t<div class=\"e-con-inner\">\n\t\t\t\t<div class=\"elementor-element elementor-element-885dc36 elementor-widget elementor-widget-heading\" data-id=\"885dc36\" data-element_type=\"widget\" data-widget_type=\"heading.default\">\n\t\t\t\t<div class=\"elementor-widget-container\">\n\t\t\t<style>\/*! elementor - v3.18.0 - 20-12-2023 *\/\n.elementor-heading-title{padding:0;margin:0;line-height:1}.elementor-widget-heading .elementor-heading-title[class*=elementor-size-]>a{color:inherit;font-size:inherit;line-height:inherit}.elementor-widget-heading .elementor-heading-title.elementor-size-small{font-size:15px}.elementor-widget-heading .elementor-heading-title.elementor-size-medium{font-size:19px}.elementor-widget-heading .elementor-heading-title.elementor-size-large{font-size:29px}.elementor-widget-heading .elementor-heading-title.elementor-size-xl{font-size:39px}.elementor-widget-heading .elementor-heading-title.elementor-size-xxl{font-size:59px}<\/style><h2 class=\"elementor-heading-title elementor-size-xxl\">Lektioner<\/h2>\t\t<\/div>\n\t\t\t\t<\/div>\n\t\t\t\t\t<\/div>\n\t\t\t\t<\/div>\n\t\t<div class=\"elementor-element elementor-element-808ac32 e-flex e-con-boxed e-con e-parent\" data-id=\"808ac32\" data-element_type=\"container\" data-settings=\"{&quot;content_width&quot;:&quot;boxed&quot;}\" data-core-v316-plus=\"true\">\n\t\t\t\t\t<div class=\"e-con-inner\">\n\t\t\t\t<div class=\"elementor-element elementor-element-9834a0b elementor-widget__width-inherit elementor-widget elementor-widget-text-editor\" data-id=\"9834a0b\" data-element_type=\"widget\" data-widget_type=\"text-editor.default\">\n\t\t\t\t<div class=\"elementor-widget-container\">\n\t\t\t<style>\/*! elementor - v3.18.0 - 20-12-2023 *\/\n.elementor-widget-text-editor.elementor-drop-cap-view-stacked .elementor-drop-cap{background-color:#69727d;color:#fff}.elementor-widget-text-editor.elementor-drop-cap-view-framed .elementor-drop-cap{color:#69727d;border:3px solid;background-color:transparent}.elementor-widget-text-editor:not(.elementor-drop-cap-view-default) .elementor-drop-cap{margin-top:8px}.elementor-widget-text-editor:not(.elementor-drop-cap-view-default) .elementor-drop-cap-letter{width:1em;height:1em}.elementor-widget-text-editor .elementor-drop-cap{float:left;text-align:center;line-height:1;font-size:50px}.elementor-widget-text-editor .elementor-drop-cap-letter{display:inline-block}<\/style>\t\t\t\t<p>Vi anv\u00e4nder oss av Zoom, ett program f\u00f6r videom\u00f6ten. Du f\u00e5r en l\u00e4nk n\u00e5gra dagar innan kursen b\u00f6rjar och kopplar upp dig med samma l\u00e4nk varje vecka.&nbsp;<br>B\u00e4st \u00e4r att sitta vid en dator eller en surfplatta, en mobil fungerar ocks\u00e5 men bekv\u00e4mast \u00e4r en dator.<\/p>\n<p>P\u00e5 lektionerna str\u00e4var vi efter att prata s\u00e5 mycket spanska som m\u00f6jligt, men kniper det kan man s\u00e5 klart st\u00e4lla en fr\u00e5ga p\u00e5 svenska eller att jag f\u00f6rklarar n\u00e5got knepigt b\u00e5de p\u00e5 svenska och spanska.&nbsp;<\/p>\n<p>&nbsp; &nbsp; &nbsp; &nbsp; &nbsp; &nbsp; &nbsp; &nbsp; <img decoding=\"async\" class=\"aligncenter wp-image-3944\" src=\"https:\/\/hemmaspanska.se\/wp-content\/uploads\/2024\/06\/bandera-150x150.png\" alt=\"\" width=\"82\" height=\"82\" data-wp-editing=\"1\" srcset=\"https:\/\/hemmaspanska.se\/wp-content\/uploads\/2024\/06\/bandera-150x150.png 150w, https:\/\/hemmaspanska.se\/wp-content\/uploads\/2024\/06\/bandera-100x100.png 100w\" sizes=\"(max-width: 82px) 100vw, 82px\" \/><\/p>\n<p><\/p>\n<p><strong>ALLM\u00c4N SPANSKA<\/strong><\/p>\n<p>&nbsp; &nbsp;55 min<\/p>\n<ul>\n<li>5 min&nbsp; &#8211;&nbsp; uppv\u00e4rmning (ngt enkelt; t ex veckodagarna, klockan, vanliga fr\u00e5gor etc)<\/li>\n<li>5 min&nbsp; &#8211;&nbsp; repetition av f\u00f6rra lektionen<\/li>\n<li>15 min&nbsp; &#8211;&nbsp; g\u00e5 igenom l\u00e4xan<\/li>\n<li>20 min&nbsp; &#8211;&nbsp; n\u00e5got nytt: s\u00e5ng, text, video eller annat<\/li>\n<li>10 min&nbsp; &#8211;&nbsp; snabbrepetition av det nya + genomg\u00e5ng av ny l\u00e4xa\n<p>*&nbsp; *&nbsp; *&nbsp; *&nbsp; *&nbsp; *&nbsp; *&nbsp; *&nbsp; *&nbsp; *&nbsp; *&nbsp; *&nbsp; *&nbsp; *&nbsp; *&nbsp; *&nbsp; *&nbsp; *<\/p>\n<\/li>\n<\/ul>\n<p><strong>KONVERSATION<\/strong><\/p>\n<p>&nbsp; &nbsp;45 min<\/p>\n<ul>\n<li>5 min&nbsp; &#8211;&nbsp; uppv\u00e4rming (ngt enkelt; t ex f\u00e4rgerna, v\u00e4dret, vanliga fr\u00e5gor etc)<\/li>\n<li>10 min&nbsp; &#8211;&nbsp; repetition av inneh\u00e5llet fr\u00e5n f\u00f6rra lektionen, t ex nya ord, fraser, fr\u00e5gor lektionen<\/li>\n<li>10 min&nbsp; &#8211;&nbsp; g\u00e5 igenom l\u00e4xan, t ex en presentation, en dialog, en \u00e5sikt, en beskrivning<\/li>\n<li>15 min&nbsp; &#8211;&nbsp; n\u00e5got nytt: en situation, en debatt, ett problem<\/li>\n<li>5 min&nbsp; &#8211;&nbsp; sammanfattning av nya ord\/fraser + ny l\u00e4xa<\/li>\n<\/ul>\t\t\t\t\t\t<\/div>\n\t\t\t\t<\/div>\n\t\t\t\t\t<\/div>\n\t\t\t\t<\/div>\n\t\t<div class=\"elementor-element elementor-element-a2a6f2d e-flex e-con-boxed e-con e-parent\" data-id=\"a2a6f2d\" data-element_type=\"container\" data-settings=\"{&quot;content_width&quot;:&quot;boxed&quot;}\" data-core-v316-plus=\"true\">\n\t\t\t\t\t<div class=\"e-con-inner\">\n\t\t\t\t<div class=\"elementor-element elementor-element-6d06b18 elementor-widget elementor-widget-button\" data-id=\"6d06b18\" data-element_type=\"widget\" data-widget_type=\"button.default\">\n\t\t\t\t<div class=\"elementor-widget-container\">\n\t\t\t\t\t<div class=\"elementor-button-wrapper\">\n\t\t\t<a class=\"elementor-button elementor-button-link elementor-size-md\" href=\"https:\/\/hemmaspanska.se\/?page_id=3420\">\n\t\t\t\t\t\t<span class=\"elementor-button-content-wrapper\">\n\t\t\t\t\t\t<span class=\"elementor-button-icon elementor-align-icon-right\">\n\t\t\t\t<svg aria-hidden=\"true\" class=\"e-font-icon-svg e-far-sun\" viewBox=\"0 0 512 512\" xmlns=\"http:\/\/www.w3.org\/2000\/svg\"><path d=\"M494.2 221.9l-59.8-40.5 13.7-71c2.6-13.2-1.6-26.8-11.1-36.4-9.6-9.5-23.2-13.7-36.2-11.1l-70.9 13.7-40.4-59.9c-15.1-22.3-51.9-22.3-67 0l-40.4 59.9-70.8-13.7C98 60.4 84.5 64.5 75 74.1c-9.5 9.6-13.7 23.1-11.1 36.3l13.7 71-59.8 40.5C6.6 229.5 0 242 0 255.5s6.7 26 17.8 33.5l59.8 40.5-13.7 71c-2.6 13.2 1.6 26.8 11.1 36.3 9.5 9.5 22.9 13.7 36.3 11.1l70.8-13.7 40.4 59.9C230 505.3 242.6 512 256 512s26-6.7 33.5-17.8l40.4-59.9 70.9 13.7c13.4 2.7 26.8-1.6 36.3-11.1 9.5-9.5 13.6-23.1 11.1-36.3l-13.7-71 59.8-40.5c11.1-7.5 17.8-20.1 17.8-33.5-.1-13.6-6.7-26.1-17.9-33.7zm-112.9 85.6l17.6 91.2-91-17.6L256 458l-51.9-77-90.9 17.6 17.6-91.2-76.8-52 76.8-52-17.6-91.2 91 17.6L256 53l51.9 76.9 91-17.6-17.6 91.1 76.8 52-76.8 52.1zM256 152c-57.3 0-104 46.7-104 104s46.7 104 104 104 104-46.7 104-104-46.7-104-104-104zm0 160c-30.9 0-56-25.1-56-56s25.1-56 56-56 56 25.1 56 56-25.1 56-56 56z\"><\/path><\/svg>\t\t\t<\/span>\n\t\t\t\t\t\t<span class=\"elementor-button-text\">Intresseanm\u00e4lan<\/span>\n\t\t<\/span>\n\t\t\t\t\t<\/a>\n\t\t<\/div>\n\t\t\t\t<\/div>\n\t\t\t\t<\/div>\n\t\t\t\t\t<\/div>\n\t\t\t\t<\/div>\n\t\t\t\t\t\t\t<\/div>\n\t\t","protected":false},"excerpt":{"rendered":"<p>Lektioner Vi anv\u00e4nder oss av Zoom, ett program f\u00f6r videom\u00f6ten. Du f\u00e5r en l\u00e4nk n\u00e5gra dagar innan kursen b\u00f6rjar och kopplar upp dig med samma l\u00e4nk varje vecka.&nbsp;B\u00e4st \u00e4r att sitta vid en dator eller en surfplatta, en mobil fungerar ocks\u00e5 men bekv\u00e4mast \u00e4r en dator. P\u00e5 lektionerna str\u00e4var vi efter att prata s\u00e5 mycket &hellip;<\/p>\n<p class=\"read-more\"> <a class=\"\" href=\"https:\/\/hemmaspanska.se\/?page_id=9\">  L\u00e4s mer &raquo;<\/a><\/p>\n","protected":false},"author":1,"featured_media":0,"parent":0,"menu_order":0,"comment_status":"closed","ping_status":"closed","template":"","meta":{"site-sidebar-layout":"default","site-content-layout":"","ast-site-content-layout":"default","site-content-style":"default","site-sidebar-style":"default","ast-global-header-display":"","ast-banner-title-visibility":"","ast-main-header-display":"","ast-hfb-above-header-display":"","ast-hfb-below-header-display":"","ast-hfb-mobile-header-display":"","site-post-title":"","ast-breadcrumbs-content":"","ast-featured-img":"","footer-sml-layout":"","theme-transparent-header-meta":"","adv-header-id-meta":"","stick-header-meta":"","header-above-stick-meta":"","header-main-stick-meta":"","header-below-stick-meta":"","astra-migrate-meta-layouts":"set","ast-page-background-enabled":"default","ast-page-background-meta":{"desktop":{"background-color":"","background-image":"","background-repeat":"repeat","background-position":"center center","background-size":"auto","background-attachment":"scroll","background-type":"","background-media":"","overlay-type":"","overlay-color":"","overlay-gradient":""},"tablet":{"background-color":"","background-image":"","background-repeat":"repeat","background-position":"center center","background-size":"auto","background-attachment":"scroll","background-type":"","background-media":"","overlay-type":"","overlay-color":"","overlay-gradient":""},"mobile":{"background-color":"","background-image":"","background-repeat":"repeat","background-position":"center center","background-size":"auto","background-attachment":"scroll","background-type":"","background-media":"","overlay-type":"","overlay-color":"","overlay-gradient":""}},"ast-content-background-meta":{"desktop":{"background-color":"var(--ast-global-color-5)","background-image":"","background-repeat":"repeat","background-position":"center center","background-size":"auto","background-attachment":"scroll","background-type":"","background-media":"","overlay-type":"","overlay-color":"","overlay-gradient":""},"tablet":{"background-color":"var(--ast-global-color-5)","background-image":"","background-repeat":"repeat","background-position":"center center","background-size":"auto","background-attachment":"scroll","background-type":"","background-media":"","overlay-type":"","overlay-color":"","overlay-gradient":""},"mobile":{"background-color":"var(--ast-global-color-5)","background-image":"","background-repeat":"repeat","background-position":"center center","background-size":"auto","background-attachment":"scroll","background-type":"","background-media":"","overlay-type":"","overlay-color":"","overlay-gradient":""}},"footnotes":""},"_links":{"self":[{"href":"https:\/\/hemmaspanska.se\/index.php?rest_route=\/wp\/v2\/pages\/9"}],"collection":[{"href":"https:\/\/hemmaspanska.se\/index.php?rest_route=\/wp\/v2\/pages"}],"about":[{"href":"https:\/\/hemmaspanska.se\/index.php?rest_route=\/wp\/v2\/types\/page"}],"author":[{"embeddable":true,"href":"https:\/\/hemmaspanska.se\/index.php?rest_route=\/wp\/v2\/users\/1"}],"replies":[{"embeddable":true,"href":"https:\/\/hemmaspanska.se\/index.php?rest_route=%2Fwp%2Fv2%2Fcomments&post=9"}],"version-history":[{"count":112,"href":"https:\/\/hemmaspanska.se\/index.php?rest_route=\/wp\/v2\/pages\/9\/revisions"}],"predecessor-version":[{"id":4109,"href":"https:\/\/hemmaspanska.se\/index.php?rest_route=\/wp\/v2\/pages\/9\/revisions\/4109"}],"wp:attachment":[{"href":"https:\/\/hemmaspanska.se\/index.php?rest_route=%2Fwp%2Fv2%2Fmedia&parent=9"}],"curies":[{"name":"wp","href":"https:\/\/api.w.org\/{rel}","templated":true}]}}